me factors of 7124?
2, 13, 137
What are the prime factors of 41?
41
List the prime factors of 111767.
111767
What are the prime factors of 2741?
2741
List the prime factors of 52284.
2, 3, 4357
List the prime factors of 1121.
19, 59
What are the prime factors of 728?
2, 7, 13
What are the prime factors of 212?
2, 53
List the prime factors of 654.
2, 3, 109
What are the prime factors of 8045?
5, 1609
List the prime factors of 2761.
11, 251
List the prime factors of 1759.
1759
What are the prime factors of 18480?
2, 3, 5, 7, 11
List the prime factors of 135344.
2, 11, 769
List the prime factors of 6932.
2, 1733
What are the prime factors of 7154?
2, 7, 73
What are the prime factors of 38024?
2, 7, 97
What are the prime factors of 1661?
11, 151
List the prime factors of 15757.
7, 2251
What are the prime factors of 1419?
3, 11, 43
List the prime factors of 4112.
2, 257
List the prime factors of 6.
2, 3
List the prime factors of 105501.
3, 11, 23, 139
List the prime factors of 756.
2, 3, 7
List the prime factors of 25067.
7, 3581
List the prime factors of 626.
2, 313
List the prime factors of 9997.
13, 769
What are the prime factors of 27212?
2, 6803
What are the prime factors of 58236?
2, 3, 23, 211
List the prime factors of 14026.
2, 7013
What are the prime factors of 2905?
5, 7, 83
What are the prime factors of 5611?
31, 181
List the prime factors of 90124.
2, 22531
What are the prime factors of 2493?
3, 277
List the prime factors of 2868.
2, 3, 239
What are the prime factors of 1994?
2, 997
List the prime factors of 14404.
2, 13, 277
List the prime factors of 327.
3, 109
What are the prime factors of 1878?
2, 3, 313
List the prime factors of 70449.
3, 23, 1021
List the prime factors of 7626.
2, 3, 31, 41
What are the prime factors of 1742?
2, 13, 67
List the prime factors of 109302.
2, 3, 18217
What are the prime factors of 44669?
19, 2351
What are the prime factors of 22305?
3, 5, 1487
What are the prime factors of 232?
2, 29
List the prime factors of 881.
881
List the prime factors of 4989.
3, 1663
List the prime factors of 5055.
3, 5, 337
What are the prime factors of 9282?
2, 3, 7, 13, 17
What are the prime factors of 395?
5, 79
List the prime factors of 95992.
2, 13, 71
What are the prime factors of 7984?
2, 499
What are the prime factors of 724?
2, 181
What are the prime factors of 40411?
7, 23, 251
What are the prime factors of 1779?
3, 593
List the prime factors of 195.
3, 5, 13
List the prime factors of 11374.
2, 11, 47
List the prime factors of 54444.
2, 3, 13, 349
List the prime factors of 7556.
2, 1889
What are the prime factors of 2038?
2, 1019
List the prime factors of 10789.
10789
What are the prime factors of 14658?
2, 3, 7, 349
What are the prime factors of 4792?
2, 599
What are the prime factors of 29237?
13, 173
List the prime factors of 5108.
2, 1277
What are the prime factors of 2581?
29, 89
What are the prime factors of 27476?
2, 6869
What are the prime factors of 113?
113
What are the prime factors of 4521?
3, 11, 137
List the prime factors of 2625.
3, 5, 7
List the prime factors of 4520.
2, 5, 113
List the prime factors of 297.
3, 11
List the prime factors of 6214.
2, 13, 239
List the prime factors of 74198.
2, 23, 1613
What are the prime factors of 691?
691
What are the prime factors of 20903?
20903
List the prime factors of 161507.
161507
List the prime factors of 23781.
3, 7927
List the prime factors of 8983.
13, 691
List the prime factors of 17739.
3, 73
List the prime factors of 13339.
13339
What are the prime factors of 18840?
2, 3, 5, 157
What are the prime factors of 13?
13
What are the prime factors of 9863?
7, 1409
List the prime factors of 6640.
2, 5, 83
What are the prime factors of 64879?
64879
List the prime factors of 17674.
2, 8837
What are the prime factors of 1043?
7, 149
List the prime factors of 103279.
11, 41, 229
What are the prime factors of 5149?
19, 271
List the prime factors of 566.
2, 283
List the prime factors of 1220.
2, 5, 61
What are the prime factors of 4574?
2, 2287
What are the prime factors of 920?
2, 5, 23
List the prime factors of 173868.
2, 3, 14489
What are the prime factors of 1651?
13, 127
List the prime factors of 974.
2, 487
List the prime factors of 33048.
2, 3, 17
List the prime factors of 57103.
17, 3359
List the prime factors of 33633.
3, 37, 101
What are the prime factors of 7384?
2, 13, 71
What are the prime factors of 2889?
3, 107
List the prime factors of 878.
2, 439
List the prime factors of 12828.
2, 3, 1069
What are the prime factors of 2218?
2, 1109
List the prime factors of 4268.
2, 11, 97
List the prime factors of 536.
2, 67
What are the prime factors of 16671?
3, 5557
What are the prime factors of 656?
2, 41
What are the prime factors of 3291?
3, 1097
What are the prime factors of 88378?
2, 44189
What are the prime factors of 84008?
2, 10501
List the prime factors of 3476.
2, 11, 79
What are the prime factors of 22007?
59, 373
List the prime factors of 4917.
3, 11, 149
What are the prime factors of 5606?
2, 2803
List the prime factors of 149943.
3, 151, 331
List the prime factors of 54624.
2, 3, 569
What are the prime factors of 47906?
2, 17, 1409
List the prime factors of 3908.
2, 977
List the prime factors of 3363.
3, 19, 59
What are the prime factors of 663?
3, 13, 17
List the prime factors of 25088.
2, 7
List the prime factors of 69769.
7, 9967
List the prime factors of 222.
2, 3, 37
What are the prime factors of 2366?
2, 7, 13
List the prime factors of 13563.
3, 11, 137
What are the prime factors of 14941?
67, 223
List the prime factors of 51249.
3, 11, 1553
List the prime factors of 1577.
19, 83
List the prime factors of 27972.
2, 3, 7, 37
List the prime factors of 1493.
1493
List the prime factors of 6975.
3, 5, 31
What are the prime factors of 42754?
2, 21377
List the prime factors of 32112.
2, 3, 223
List the prime factors of 2087.
2087
What are the prime factors of 26364?
2, 3, 13
List the prime factors of 12411.
3, 7, 197
What are the prime factors of 65224?
2, 31, 263
What are the prime factors of 41384?
2, 7, 739
List the prime factors of 20923.
7, 61
What are the prime factors of 986?
2, 17, 29
What are the prime factors of 25140?
2, 3, 5, 419
List the prime factors of 2758.
2, 7, 197
What are the prime factors of 690?
2, 3, 5, 23
List the prime factors of 3549.
3, 7, 13
What are the prime factors of 471?
3, 157
List the prime factors of 20481.
3, 6827
What are the prime factors of 17880?
2, 3, 5, 149
What are the prime factors of 3521?
7, 503
List the prime factors of 1642.
2, 821
What are the prime factors of 607?
607
What are the prime factors of 70150?
2, 5, 23, 61
What are the prime factors of 53967?
3, 17989
What are the prime factors of 16994?
2, 29, 293
List the prime factors of 2269.
2269
List the prime factors of 6632.
2, 829
List the prime factors of 2291.
29, 79
List the prime factors of 4483.
4483
List the prime factors of 23506.
2, 7, 23, 73
List the prime factors of 136670.
2, 5, 79, 173
List the prime factors of 241.
241
What are the prime factors of 19371?
3, 11, 587
What are the prime factors of 997?
997
What are the prime factors of 12752?
2, 797
List the prime factors of 534.
2, 3, 89
List the prime factors of 6286.
2, 7, 449
List the prime factors of 7235.
5, 1447
What are the prime factors of 70506?
2, 3, 3917
List the prime factors of 70303.
229, 307
What are the prime factors of 1261?
13, 97
What are the prime factors of 602?
2, 7, 43
What are the prime factors of 2058?
2, 3, 7
What are the prime factors of 6113?
6113
What are the prime factors of 17524?
2, 13, 337
List the prime factors of 5455.
5, 1091
List the prime factors of 138033.
3, 7, 313
What are the prime factors of 276?
2, 3, 23
List the prime factors of 5921.
31, 191
What are the prime factors of 7937?
7937
What are the prime factors of 19440?
2, 3, 5
What are the prime factors of 6638?
2, 3319
List the prime factors of 1517.
37, 41
What are the prime factors of 2001?
3, 23, 29
List the prime factors of 30352.
2, 7, 271
What are the prime factors of 55382?
2, 27691
List the prime factors of 19330.
2, 5, 1933
List the prime factors of 18601.
11, 19, 89
List the prime factors of 9318.
2, 3, 1553
What are the prime factors of 472?
2, 59
What are the prime factor